{"id":9353,"date":"2025-05-25T17:43:05","date_gmt":"2025-05-25T15:43:05","guid":{"rendered":"https:\/\/www.fleurdisa.org\/blog\/?page_id=9353"},"modified":"2026-04-10T14:22:08","modified_gmt":"2026-04-10T12:22:08","slug":"les-news","status":"publish","type":"page","link":"https:\/\/www.fleurdisa.org\/blog\/les-news\/","title":{"rendered":"Les News"},"content":{"rendered":"\n<p class=\"has-text-align-center has-very-light-gray-to-cyan-bluish-gray-gradient-background has-background\" style=\"border-radius:25px\"><mark style=\"background-color:#cf2e2e\" class=\"has-inline-color has-ast-global-color-4-color\"><strong>Les \u00e9v\u00e9nements au profit de Fleur d&rsquo;Isa<\/strong> :<br><\/mark>Nous sommes ravis de vous informer que ces \u00e9v\u00e9nements visent \u00e0 <strong>financer et apporter des soins (gratuits) de bien-\u00eatre et support aux malades du cancer en Charente<\/strong>. Ces initiatives permettent de cr\u00e9er un espace de convivialit\u00e9 et de partage autour de la lutte contre cette maladie. Gr\u00e2ce \u00e0 la mobilisation de b\u00e9n\u00e9voles et de partenaires, chaque \u00e9v\u00e9nement est une occasion unique de sensibiliser le public et de soutenir notre mission.<\/p>\n\n\n\n<div class=\"wp-block-buttons alignwide is-content-justification-center is-layout-flex wp-container-core-buttons-is-layout-ae69bdb6 wp-block-buttons-is-layout-flex\" style=\"padding-right:var(--wp--preset--spacing--20);padding-left:var(--wp--preset--spacing--20)\">\n<div class=\"wp-block-button is-style-outline is-style-outline--1\"><a class=\"wp-block-button__link has-ast-global-color-4-color has-electric-grass-gradient-background has-text-color has-background has-link-color has-small-font-size has-custom-font-size wp-element-button\" href=\"https:\/\/www.helloasso.com\/associations\/fleur-d-isa\/adhesions\/adhesion-et-ou-don-2026\" style=\"border-radius:25px;padding-top:var(--wp--preset--spacing--30);padding-right:var(--wp--preset--spacing--30);padding-bottom:var(--wp--preset--spacing--30);padding-left:var(--wp--preset--spacing--30)\" target=\"_blank\" rel=\"noreferrer noopener\"> <strong>Adh\u00e9re<\/strong>r<\/a><\/div>\n\n\n\n<div class=\"wp-block-button\"><a class=\"wp-block-button__link has-ast-global-color-4-color has-electric-grass-gradient-background has-text-color has-background has-link-color has-small-font-size has-custom-font-size wp-element-button\" href=\"https:\/\/www.helloasso.com\/associations\/fleur-d-isa\/formulaires\/1\" style=\"border-radius:25px;padding-top:var(--wp--preset--spacing--30);padding-right:var(--wp--preset--spacing--30);padding-bottom:var(--wp--preset--spacing--30);padding-left:var(--wp--preset--spacing--30)\" target=\"_blank\" rel=\"noreferrer noopener\"><strong>Fai<\/strong>re <strong>un don<\/strong><\/a><\/div>\n\n\n\n<div class=\"wp-block-button\"><a class=\"wp-block-button__link has-ast-global-color-4-color has-electric-grass-gradient-background has-text-color has-background has-link-color has-small-font-size has-custom-font-size wp-element-button\" href=\"https:\/\/www.fleurdisa.org\/blog\/boutique\/\" style=\"border-radius:25px;padding-top:var(--wp--preset--spacing--30);padding-right:var(--wp--preset--spacing--30);padding-bottom:var(--wp--preset--spacing--30);padding-left:var(--wp--preset--spacing--30)\">L<strong>a Boutique<\/strong><\/a><\/div>\n\n\n\n<div class=\"wp-block-button\"><a class=\"wp-block-button__link has-ast-global-color-4-color has-electric-grass-gradient-background has-text-color has-background has-link-color has-small-font-size has-custom-font-size wp-element-button\" href=\"https:\/\/www.fleurdisa.org\/blog\/\" style=\"border-radius:25px;padding-top:var(--wp--preset--spacing--30);padding-right:var(--wp--preset--spacing--30);padding-bottom:var(--wp--preset--spacing--30);padding-left:var(--wp--preset--spacing--30)\"><strong>Le Blog<\/strong><\/a><\/div>\n\n\n\n<div class=\"wp-block-button\"><a class=\"wp-block-button__link has-ast-global-color-4-color has-pale-pink-background-color has-text-color has-background has-link-color has-small-font-size has-custom-font-size wp-element-button\" href=\"https:\/\/www.fleurdisa.org\/blog\/wp-content\/uploads\/2026\/01\/Plaquette-FI-202610.pdf\" style=\"border-radius:25px;padding-top:var(--wp--preset--spacing--30);padding-right:var(--wp--preset--spacing--30);padding-bottom:var(--wp--preset--spacing--30);padding-left:var(--wp--preset--spacing--30)\" target=\"_blank\" rel=\"noreferrer noopener\"><strong>Plaquette <br>et Formulaire<br>2026 01<\/strong><\/a><\/div>\n\n\n\n<div class=\"wp-block-button\"><a class=\"wp-block-button__link has-white-color has-pale-pink-background-color has-text-color has-background has-link-color has-small-font-size has-custom-font-size wp-element-button\" href=\"https:\/\/www.fleurdisa.org\/blog\/wp-content\/uploads\/2026\/01\/Livret-FI-Soins-2025.pdf\" style=\"border-radius:25px;padding-top:var(--wp--preset--spacing--30);padding-right:var(--wp--preset--spacing--30);padding-bottom:var(--wp--preset--spacing--30);padding-left:var(--wp--preset--spacing--30)\"><strong>Le livret <\/strong><br><strong>des soins <\/strong><\/a><\/div>\n\n\n\n<div class=\"wp-block-button\"><a class=\"wp-block-button__link has-white-color has-pale-pink-background-color has-text-color has-background has-link-color has-small-font-size has-custom-font-size wp-element-button\" href=\"https:\/\/www.fleurdisa.org\/blog\/wp-content\/uploads\/2026\/03\/Bulletin-16-compresse.pdf\" style=\"border-radius:25px;padding-top:var(--wp--preset--spacing--30);padding-right:var(--wp--preset--spacing--30);padding-bottom:var(--wp--preset--spacing--30);padding-left:var(--wp--preset--spacing--30)\"><strong>Journal no 16 <\/strong><br><strong>Actions 2025<\/strong><\/a><\/div>\n<\/div>\n\n\n\n<p class=\"has-text-align-center has-electric-grass-gradient-background has-background\" style=\"border-radius:25px\"><strong><mark style=\"background-color:#f78da7\" class=\"has-inline-color has-ast-global-color-4-color\">Les prochains \u00e9v\u00e9nements en Avril-Mai-Juin :<\/mark><\/strong><br><br><strong><a href=\"https:\/\/www.fleurdisa.org\/blog\/wp-content\/uploads\/2026\/04\/IMG_20260408_103615.jpg\">Karaok\u00e9 \u00e0 Lunesse par le Club Agora<\/a><\/strong> le 17 Avril<br><strong>Brocante Victor Hugo <\/strong>le 1er Mai \u00e0 Angoul\u00eame<strong><br><a href=\"https:\/\/www.fleurdisa.org\/blog\/wp-content\/uploads\/2026\/03\/Flyer-2026-3_page-0001.jpg\" target=\"_blank\" rel=\"noreferrer noopener\">Rand&rsquo;Eaux Claires \u00e0 Puymoyen<\/a> <\/strong>le 8 Mai<br><strong><a href=\"https:\/\/www.fleurdisa.org\/blog\/wp-content\/uploads\/2026\/04\/Super-U-Saint-Yrieix-2026_page-0001.jpg\" target=\"_blank\" rel=\"noreferrer noopener\">Expo-Vente Super U de Saint Yriex <\/a><\/strong>les 22-23 Mai<br><strong><a href=\"https:\/\/www.fleurdisa.org\/blog\/wp-content\/uploads\/2026\/04\/Rauzet-2026.jpg\" target=\"_blank\" rel=\"noreferrer noopener\">Expo-vente \u00e0 Rauzet<\/a><\/strong>, les 26-27-28 Juin<br><\/p>\n\n\n\n<p class=\"has-text-align-center has-very-light-gray-to-cyan-bluish-gray-gradient-background has-background\" style=\"border-radius:25px\"><strong>Les derniers posts<\/strong><\/p>\n\n\n<ul style=\"font-size:12px;\" class=\"wp-block-latest-posts__list is-grid columns-2 wp-block-latest-posts\"><li><a class=\"wp-block-latest-posts__post-title\" href=\"https:\/\/www.fleurdisa.org\/blog\/assemblee-generale-2026\/\">Assembl\u00e9e g\u00e9n\u00e9rale 2026<\/a><\/li>\n<li><a class=\"wp-block-latest-posts__post-title\" href=\"https:\/\/www.fleurdisa.org\/blog\/salon-des-aidants-segonzac-le-3-avril\/\">Salon des aidants Segonzac le 3 Avril<\/a><\/li>\n<li><a class=\"wp-block-latest-posts__post-title\" href=\"https:\/\/www.fleurdisa.org\/blog\/la-puymoyennaise-a-puymoyen-le-5-avril\/\">La Puymoyennaise \u00e0 Puymoyen le 5 Avril<\/a><\/li>\n<li><a class=\"wp-block-latest-posts__post-title\" href=\"https:\/\/www.fleurdisa.org\/blog\/journee-de-la-solidarite-a-chasseneuil-le-2-avril\/\">Journ\u00e9e de la solidarit\u00e9 \u00e0 Chasseneuil le 2 Avril<\/a><\/li>\n<li><a class=\"wp-block-latest-posts__post-title\" href=\"https:\/\/www.fleurdisa.org\/blog\/les-chocolats-de-paques-dans-les-structures-1er-avril\/\">Les chocolats de P\u00e2ques dans les structures 1er Avril<\/a><\/li>\n<li><a class=\"wp-block-latest-posts__post-title\" href=\"https:\/\/www.fleurdisa.org\/blog\/marche-a-brie-iut-du-29-mars\/\">Marche \u00e0 Brie (IUT) du 29 Mars<\/a><\/li>\n<\/ul>\n\n\n<p><\/p>\n\n\n\n<p class=\"has-text-align-center has-very-light-gray-to-cyan-bluish-gray-gradient-background has-background\" style=\"border-radius:25px\">Pour en savoir plus sur Fleur d&rsquo;Isa, <mark style=\"background-color:rgba(0, 0, 0, 0);color:#00d084\" class=\"has-inline-color\">t\u00e9l\u00e9chargez <\/mark>les documents ci-dessous :<\/p>\n\n\n\n<div class=\"wp-block-buttons is-horizontal is-content-justification-center is-layout-flex wp-container-core-buttons-is-layout-03627597 wp-block-buttons-is-layout-flex\">\n<div class=\"wp-block-button\"><a class=\"wp-block-button__link has-vivid-red-color has-text-color has-link-color has-small-font-size has-custom-font-size wp-element-button\" style=\"border-radius:25px;padding-top:var(--wp--preset--spacing--30);padding-right:var(--wp--preset--spacing--20);padding-bottom:var(--wp--preset--spacing--30);padding-left:var(--wp--preset--spacing--20)\"><strong>Fleur d&rsquo;Isa<br>Pr\u00e9sentation<br>2025<\/strong><\/a><\/div>\n\n\n\n<div class=\"wp-block-button\"><a class=\"wp-block-button__link has-vivid-red-color has-text-color has-link-color has-small-font-size has-custom-font-size wp-element-button\" style=\"border-radius:25px;padding-top:var(--wp--preset--spacing--30);padding-right:var(--wp--preset--spacing--20);padding-bottom:var(--wp--preset--spacing--30);padding-left:var(--wp--preset--spacing--20)\">Film <br>des 10 ans <br>2018<\/a><\/div>\n\n\n\n<div class=\"wp-block-button\"><a class=\"wp-block-button__link has-white-color has-pale-pink-background-color has-text-color has-background has-link-color has-small-font-size has-custom-font-size wp-element-button\" href=\"https:\/\/www.fleurdisa.org\/blog\/wp-content\/uploads\/2026\/04\/PV-AG-2026_compressed.pdf\" style=\"border-radius:25px\"><strong>Assembl\u00e9e<br> g\u00e9n\u00e9rale<br>202<\/strong>6<\/a><\/div>\n<\/div>\n\n\n\n<div class=\"wp-block-buttons is-content-justification-center is-layout-flex wp-container-core-buttons-is-layout-a89b3969 wp-block-buttons-is-layout-flex\">\n<div class=\"wp-block-button\"><a class=\"wp-block-button__link has-small-font-size has-custom-font-size wp-element-button\" href=\"https:\/\/www.fleurdisa.org\/blog\/wp-content\/uploads\/2023\/10\/autopalpation-seins-021023.pdf\" style=\"border-radius:25px\">Auto-palpation <br>Gustave ROUSSY<\/a><\/div>\n\n\n\n<div class=\"wp-block-button\"><a class=\"wp-block-button__link has-small-font-size has-custom-font-size wp-element-button\" href=\"https:\/\/www.fleurdisa.org\/blog\/wp-content\/uploads\/2024\/03\/Urgence-Sein-Centre-Clinical-1.pdf\" style=\"border-radius:25px\">Urgence Sein <br>Centre Clinical<br>Soyaux<\/a><\/div>\n\n\n\n<div class=\"wp-block-button\"><a class=\"wp-block-button__link has-small-font-size has-custom-font-size wp-element-button\" href=\"https:\/\/www.fleurdisa.org\/blog\/wp-content\/uploads\/2025\/02\/Tout-savoir-sur-le-cancer-colorectal-169-ST.mp4\" style=\"border-radius:25px\">Tout savoir sur <br>le cancer colorectal <br>CRCDC 2024<\/a><\/div>\n\n\n\n<div class=\"wp-block-button\"><a class=\"wp-block-button__link has-small-font-size has-custom-font-size wp-element-button\" href=\"https:\/\/www.fleurdisa.org\/blog\/wp-content\/uploads\/2025\/02\/Parcours-DOCCR-169-ST.mp4\" style=\"border-radius:25px\">D\u00e9pistage Cancer Colorectal <br>Comment faire ? <br>CRCDC 2024<\/a><\/div>\n<\/div>\n\n\n\n<p style=\"font-size:14px\"><\/p>\n\n\n\n<p class=\"has-text-align-center has-very-light-gray-to-cyan-bluish-gray-gradient-background has-background has-small-font-size\" style=\"border-radius:25px\"><strong>Contacts :<\/strong><br><br>Renseignements :<strong> 06 35 19 07 01<\/strong>&nbsp; &#8211; <a href=\"mailto:contact@fleurdisa.org\">contact@fleurdisa.org<\/a><br><br>Rendez-vous sur notre page <strong>Facebook <\/strong>: <strong>@assofleurdisa<\/strong>, sur la page <strong>fleur.disa<\/strong> sur <strong>Instagram <\/strong><br>ou sur les articles de notre <strong>blog <\/strong>pour retrouver notre historique.<br><br>Vous souhaitez soutenir l&rsquo;action de Fleur d&rsquo;Isa pour les malades atteints du cancer, n&rsquo;h\u00e9sitez pas \u00e0 nous contacter et \u00e0 venir renforcer notre \u00e9quipe de <strong>b\u00e9n\u00e9voles<\/strong>.<\/p>\n\n\n\n<p><\/p>\n","protected":false},"excerpt":{"rendered":"<p>Les \u00e9v\u00e9nements au profit de Fleur d&rsquo;Isa :Nous sommes ravis de vous informer que ces \u00e9v\u00e9nements visent \u00e0 financer et [&hellip;]<\/p>\n","protected":false},"author":8,"featured_media":0,"parent":0,"menu_order":0,"comment_status":"open","ping_status":"closed","template":"","meta":{"site-sidebar-layout":"default","site-content-layout":"","ast-site-content-layout":"default","site-content-style":"default","site-sidebar-style":"default","ast-global-header-display":"","ast-banner-title-visibility":"","ast-main-header-display":"","ast-hfb-above-header-display":"","ast-hfb-below-header-display":"","ast-hfb-mobile-header-display":"","site-post-title":"","ast-breadcrumbs-content":"","ast-featured-img":"disabled","footer-sml-layout":"","ast-disable-related-posts":"","theme-transparent-header-meta":"","adv-header-id-meta":"","stick-header-meta":"","header-above-stick-meta":"","header-main-stick-meta":"","header-below-stick-meta":"","astra-migrate-meta-layouts":"default","ast-page-background-enabled":"default","ast-page-background-meta":{"desktop":{"background-color":"var(--ast-global-color-5)","background-image":"","background-repeat":"repeat","background-position":"center center","background-size":"auto","background-attachment":"scroll","background-type":"","background-media":"","overlay-type":"","overlay-color":"","overlay-opacity":"","overlay-gradient":""},"tablet":{"background-color":"","background-image":"","background-repeat":"repeat","background-position":"center center","background-size":"auto","background-attachment":"scroll","background-type":"","background-media":"","overlay-type":"","overlay-color":"","overlay-opacity":"","overlay-gradient":""},"mobile":{"background-color":"","background-image":"","background-repeat":"repeat","background-position":"center center","background-size":"auto","background-attachment":"scroll","background-type":"","background-media":"","overlay-type":"","overlay-color":"","overlay-opacity":"","overlay-gradient":""}},"ast-content-background-meta":{"desktop":{"background-color":"var(--ast-global-color-4)","background-image":"","background-repeat":"repeat","background-position":"center center","background-size":"auto","background-attachment":"scroll","background-type":"","background-media":"","overlay-type":"","overlay-color":"","overlay-opacity":"","overlay-gradient":""},"tablet":{"background-color":"var(--ast-global-color-4)","background-image":"","background-repeat":"repeat","background-position":"center center","background-size":"auto","background-attachment":"scroll","background-type":"","background-media":"","overlay-type":"","overlay-color":"","overlay-opacity":"","overlay-gradient":""},"mobile":{"background-color":"var(--ast-global-color-4)","background-image":"","background-repeat":"repeat","background-position":"center center","background-size":"auto","background-attachment":"scroll","background-type":"","background-media":"","overlay-type":"","overlay-color":"","overlay-opacity":"","overlay-gradient":""}},"footnotes":"[]"},"class_list":["post-9353","page","type-page","status-publish","hentry"],"_links":{"self":[{"href":"https:\/\/www.fleurdisa.org\/blog\/wp-json\/wp\/v2\/pages\/9353","targetHints":{"allow":["GET"]}}],"collection":[{"href":"https:\/\/www.fleurdisa.org\/blog\/wp-json\/wp\/v2\/pages"}],"about":[{"href":"https:\/\/www.fleurdisa.org\/blog\/wp-json\/wp\/v2\/types\/page"}],"author":[{"embeddable":true,"href":"https:\/\/www.fleurdisa.org\/blog\/wp-json\/wp\/v2\/users\/8"}],"replies":[{"embeddable":true,"href":"https:\/\/www.fleurdisa.org\/blog\/wp-json\/wp\/v2\/comments?post=9353"}],"version-history":[{"count":234,"href":"https:\/\/www.fleurdisa.org\/blog\/wp-json\/wp\/v2\/pages\/9353\/revisions"}],"predecessor-version":[{"id":11345,"href":"https:\/\/www.fleurdisa.org\/blog\/wp-json\/wp\/v2\/pages\/9353\/revisions\/11345"}],"wp:attachment":[{"href":"https:\/\/www.fleurdisa.org\/blog\/wp-json\/wp\/v2\/media?parent=9353"}],"curies":[{"name":"wp","href":"https:\/\/api.w.org\/{rel}","templated":true}]}}